inder when 206571 is divided by 2953?
2814
Calculate the remainder when 10603870 is divided by 12203.
11666
Calculate the remainder when 648080 is divided by 1159.
199
What is the remainder when 2594481 is divided by 1537?
25
Calculate the remainder when 1840231 is divided by 18.
1
What is the remainder when 7512321 is divided by 558?
525
Calculate the remainder when 795831 is divided by 393.
6
Calculate the remainder when 911147 is divided by 47954.
21
Calculate the remainder when 15425897 is divided by 5533.
5426
Calculate the remainder when 265560 is divided by 2344.
688
Calculate the remainder when 272334550 is divided by 1468.
1466
What is the remainder when 136605 is divided by 136605?
0
What is the remainder when 1255525 is divided by 401?
395
Calculate the remainder when 110818 is divided by 110457.
361
What is the remainder when 21162 is divided by 9572?
2018
What is the remainder when 2581945 is divided by 1656?
241
Calculate the remainder when 3625322 is divided by 1208435.
17
What is the remainder when 34342 is divided by 1306?
386
What is the remainder when 244348 is divided by 631?
151
What is the remainder when 268587 is divided by 219?
93
Calculate the remainder when 18878862 is divided by 15.
12
Calculate the remainder when 261479 is divided by 19937.
2298
Calculate the remainder when 67397489 is divided by 17.
3
Calculate the remainder when 619055163 is divided by 2522.
2521
What is the remainder when 137747243 is divided by 363?
359
What is the remainder when 12032007 is divided by 82?
65
Calculate the remainder when 8327394 is divided by 1628.
174
What is the remainder when 1497958 is divided by 4380?
4378
What is the remainder when 3818842 is divided by 47?
45
Calculate the remainder when 44565 is divided by 901.
416
Calculate the remainder when 4927823 is divided by 554.
547
Calculate the remainder when 385086 is divided by 76995.
111
What is the remainder when 94919547 is divided by 64?
59
What is the remainder when 627773 is divided by 23127?
3344
What is the remainder when 54269 is divided by 4393?
1553
What is the remainder when 20322446 is divided by 15693?
11
Calculate the remainder when 940307 is divided by 85482.
5
Calculate the remainder when 16397987 is divided by 1639798.
7
What is the remainder when 1011675 is divided by 294?
21
What is the remainder when 126303448 is divided by 162?
148
What is the remainder when 14719 is divided by 2028?
523
What is the remainder when 605316 is divided by 302487?
342
What is the remainder when 540561 is divided by 1034?
813
What is the remainder when 90675 is divided by 768?
51
What is the remainder when 1516020 is divided by 505120?
660
What is the remainder when 9405341 is divided by 18773?
68
What is the remainder when 15706 is divided by 7841?
24
Calculate the remainder when 4473 is divided by 1107.
45
What is the remainder when 89443536 is divided by 3242?
3240
Calculate the remainder when 750901 is divided by 88.
85
What is the remainder when 145204655 is divided by 24?
23
Calculate the remainder when 9661777 is divided by 3173.
3165
Calculate the remainder when 878606 is divided by 47.
35
What is the remainder when 243570890 is divided by 8260?
10
What is the remainder when 903454 is divided by 81879?
2785
Calculate the remainder when 7586319 is divided by 42.
27
What is the remainder when 213287 is divided by 42193?
2322
What is the remainder when 514679 is divided by 85778?
11
Calculate the remainder when 91587849 is divided by 811.
808
What is the remainder when 109677 is divided by 3219?
231
What is the remainder when 4641167 is divided by 1547049?
20
Calculate the remainder when 76049278 is divided by 1152.
1150
What is the remainder when 1097945662 is divided by 872?
870
Calculate the remainder when 165815438 is divided by 42.
26
Calculate the remainder when 165134 is divided by 565.
154
What is the remainder when 122898 is divided by 289?
73
Calculate the remainder when 2765590 is divided by 86.
2
What is the remainder when 25202909 is divided by 28?
25
What is the remainder when 194896 is divided by 5310?
3736
What is the remainder when 224208 is divided by 4004?
3988
What is the remainder when 12467047 is divided by 3116758?
15
What is the remainder when 11682246 is divided by 1060?
1046
Calculate the remainder when 483844 is divided by 1692.
1624
What is the remainder when 84938180 is divided by 269645?
5
What is the remainder when 10513552 is divided by 124?
88
Calculate the remainder when 154217 is divided by 73430.
7357
What is the remainder when 6925 is divided by 2241?
202
Calculate the remainder when 150360890 is divided by 112.
106
What is the remainder when 219653 is divided by 140?
133
What is the remainder when 39485 is divided by 191?
139
What is the remainder when 9380 is divided by 1985?
1440
Calculate the remainder when 80825 is divided by 2125.
75
What is the remainder when 166561538 is divided by 20?
18
What is the remainder when 148633321 is divided by 334?
315
Calculate the remainder when 6266871 is divided by 1360.
1351
What is the remainder when 3400050 is divided by 45334?
0
What is the remainder when 56556 is divided by 55?
16
What is the remainder when 137544 is divided by 827?
262
What is the remainder when 10368 is divided by 730?
148
Calculate the remainder when 117396804 is divided by 1667.
1663
Calculate the remainder when 11780833 is divided by 26.
25
What is the remainder when 690896 is divided by 172715?
36
What is the remainder when 283936 is divided by 4037?
1346
Calculate the remainder when 371135 is divided by 220.
215
What is the remainder when 1998230 is divided by 499547?
42
What is the remainder when 6905587 is divided by 1150902?
175
What is the remainder when 26017 is divided by 24757?
1260
What is the remainder when 238357803 is divided by 13?
8
What is the remainder when 1721748 is divided by 11956?
84
What is the remainder when 1827613 is divided by 763?
228
What is the remainder when 684815 is divided by 2818?
41
What is the remainder when 56144561 is divided by 5614456?
1
What is the remainder when 38436175 is divided by 915146?
43
Calculate the remainder when 1987738 is divided by 552.
538
Calculate the remainder when 7853040 is divided by 170718.
12
What is the remainder when 73994 is divided by 5096?
2650
What is the remainder when 189666 is divided by 573?
3
What is the remainder when 344017 is divided by 83883?
8485
Calculate the remainder when 2808652 is divided by 32.
12
Calculate the remainder when 9198958 is divided by 3662.
14
What is the remainder when 3001873 is divided by 2269?
2255
Calculate the remainder when 9249466 is divided by 4624432.
602
Calculate the remainder when 4319568 is divided by 326.
68
Calculate the remainder when 316031945 is divided by 81.
77
Calculate the remainder when 8041663 is divided by 2680543.
34
What is the remainder when 2122340 is divided by 3691?
15
What is the remainder when 66627 is divided by 129?
63
Calculate the remainder when 74903 is divided by 74886.
17
Calculate the remainder when 1168497 is divided by 129799.
306
What is the remainder when 79770 is divided by 19796?
586
Calculate the remainder when 55479 is divided by 659.
123
What is the remainder when 336709 is divided by 1403?
1392
What is the remainder when 29805 is divided by 824?
141
What is the remainder when 251150 is divided by 244?
74
Calculate the remainder when 3495882 is divided by 1747938.
6
What is the remainder when 1937612 is divided by 5633?
5493
What is the remainder when 9461380 is divided by 22?
16
Calculate the remainder when 5339818 is divided by 10553.
0
What is the remainder when 1199178 is divided by 17887?
749
Calculate the remainder when 182631932 is divided by 3755.
3752
What is the remainder when 123517 is divided by 829?
825
Calculate the remainder when 18772437 is divided by 2158.
2153
What is the remainder when 23750 is divided by 137?
49
What is the remainder when 5856090 is divided by 2473?
26
Calculate the remainder when 1468513 is divided by 105.
88
What is the remainder when 1026954 is divided by 1081?
4
What is the remainder when 17843659 is divided by 54236?
15
What is the remainder when 9507801 is divided by 282?
171
Calculate the remainder when 55618 is divided b